 64061 = 24069. Is z composite?
False
Suppose -826 = 3*o + 4*o. Let s = o + 178. Suppose -31 = -q + s. Is q composite?
True
Let h(w) = 174*w - 15 + 151*w - 57*w - 54*w. Is h(2) prime?
False
Let u be (-1)/(11/(-55) + (-121)/(-630)). Let j = 313 - u. Is j composite?
True
Let c be 3 - 2 - (-107 + 5). Suppose 0 = 4*x - 0*u - u - c, -4*x = -4*u - 112. Is x a composite number?
True
Let l(w) be the second derivative of 5*w**3/6 + w**2 - 5*w. Let z be l(-8). Let h = z + 115. Is h prime?
False
Let v be (-26)/13 + (0 - 2347). Let n = v - -5090. Is n prime?
True
Suppose w = 0, 297 = -2*o + 5*w + 1455. Let h = o + 4. Is h composite?
True
Suppose 5*n - 4*v = 10511, 20*n + 4*v - 6281 = 17*n. Is n a composite number?
False
Let c be 6/45 - 6/45. Suppose -4*a - 5*j = -c*j - 4972, -3*j - 4940 = -4*a. Let d = a + -555. Is d a prime number?
True
Let r(v) = -8*v**3 - 4*v - 2. Let b be r(-2). Is (b/56)/(-1*(-2)/136) a prime number?
False
Is 107215/25 + (-6)/(-15) a composite number?
False
Let w be 13 + -12 - 1/(-1). Suppose 0 = -2*d + w*y + 672, 2*d - 469 = -4*y + 221. Is d composite?
True
Suppose 11088 = -7*r + 4*r. Let i = -2161 - r. Is i prime?
False
Let o be 1/(3/72*-3). Let y be 6/o - (-32802)/24. Let x = -825 + y. Is x a prime number?
True
Let q(z) = 5 - 4*z - 5 + 1. Let x be q(-1). Suppose 0 = x*b + 47 - 312. Is b prime?
True
Let s be (12/16)/(2/8). Let q(d) = 0 - 9 - 1 + s*d. Is q(8) composite?
True
Let x = 16802 + -7119. Is x prime?
False
Let p = -87 - -54. Is (-70)/20*(p + -1) prime?
False
Suppose -6*f = -15044 - 14566. Suppose -2*h + 3*h - j = f, -4*h - 2*j = -19752. Is h a prime number?
True
Suppose 0 = -5*u - u + 12. Suppose -5*w + 35 = u*l, 2*w = -4*l - 6 + 36. Suppose w*t = 54 + 56. Is t a composite number?
True
Is (-111)/12*-4*(-46)/(-2) prime?
False
Suppose 3*i = 5*i + 2*c - 2, 5*i = 2*c + 40. Let g(n) = 4*n**2 + 21 + 10*n + 21 - n - 53. Is g(i) prime?
False
Suppose -5*u + k = -90438, k = -u - 0*k + 18084. Is u composite?
True
Let m be (-6 + 1)/(3/(-3)). Suppose -m*k = -14*k + 4041. Is k composite?
False
Suppose -19*o = 5*q - 15*o - 4363, 1732 = 2*q - 5*o. Is q a composite number?
True
Suppose 0 = -2*a - 5*p + 27, -a + 3 + 9 = 2*p. Suppose 2*v + 2 = a. Suppose q + 67 = v*q. Is q prime?
True
Suppose -4*t - 284 = -940. Suppose -5*d - 241 = -4*f, -t = 4*d + 3*f + f. Let i = d + 64. Is i a prime number?
True
Let j(d) be the third derivative of d**8/4032 + d**7/560 + d**6/720 + d**5/12 - 4*d**2. Let x(n) be the third derivative of j(n). Is x(-6) a prime number?
True
Let d(a) = -4*a + 44. Let u be d(10). Let f(z) = 148*z + 5. Let o be f(4). Suppose h + o = u*h. Is h composite?
False
Let h = -98 + 98. Suppose h = 4*m + 8, -3*j - 3539 + 10260 = -5*m. Is j a composite number?
False
Let l(u) be the second derivative of 1/2*u**2 - 5*u + 19/6*u**3 + 0. Is l(10) a composite number?
False
Let g(l) = 482*l**2 - 51. Is g(-11) prime?
True
Let f be ((-669)/1)/(4/(32/(-6))). Suppose f = a + a. Is a prime?
False
Is (-6)/21 + (-4 - 813772/(-28)) a prime number?
True
Let z(h) = 4 - 3*h + 0*h + 5*h. Let w be z(5). Is (-7)/(w/(-550)) - -2 a prime number?
True
Suppose -15*m + 3*t = -19*m + 1525, 1907 = 5*m + 4*t. Is m a prime number?
True
Suppose -2*v + 0*v - 53318 = -4*o, -o + 4*v + 13347 = 0. Is o a prime number?
True
Let a be -3740 + ((-5)/(-1) - 1). Is (-2)/(a/932 - -4) prime?
True
Let u be ((-28)/42)/((-2)/12). Is -4 - (-219 - (-8 + u)) a prime number?
True
Let t(s) = s**3 + 5*s**2 + 2*s + 8. Let f be t(-6). Let k be 16/f - (-204)/10. Suppose 25 = 4*u - a - 27, -5*a + k = 0. Is u a prime number?
False
Let y = 137 - 61. Suppose -4*l = -y - 912. Is l a prime number?
False
Suppose 3*w - h - 54317 = 0, -w + 3*h - 47 = -18142. Is w composite?
True
Let c(s) = s**3 - 8*s**2 + 6*s - 16. Suppose z + 8 = i, -2*i = -2*z + 3*z - 25. Is c(i) a prime number?
False
Let h = 87986 + -50725. Is h composite?
True
Let q(u) be the second derivative of 3*u**4 - 1/2*u**2 + 1/3*u**3 - 4*u + 0. Is q(1) composite?
False
Let q(a) = -310*a**2 - a + 1. Let o be q(1). Let z = -1099 + 1716. Let n = o + z. Is n composite?
False
Let n(v) = 16*v**2 + 1. Let j(d) = -d**2 + 6*d. Let l be j(4). Let y be (-51)/12 + 2/l. Is n(y) composite?
False
Suppose 0 = 4*l, -a = 4*l - l - 1138. Is a a prime number?
False
Let t be 4249 + 9*(-4)/(-12). Suppose 3*n - t = 1871. Is n a composite number?
True
Let x(z) = 16*z**3 - 1. Let k be x(1). Let d(u) = 5*u**2 - 3*u + 19. Is d(k) a prime number?
False
Suppose 35553 = -358*p + 379*p. Is p a prime number?
True
Suppose l + 1349 = -3*m + 5669, 2*m - 2876 = -2*l. Is m a composite number?
True
Let z = 6 + -2. Suppose g - z = -3*g, 2*l - 3 = -3*g. Let h = l + 3. Is h prime?
True
Is ((-7229)/2)/(-6*(-8)/(-1632)) prime?
False
Suppose 0 = -1743*p + 1733*p + 260090. Is p prime?
False
Let l be (-6)/(-18) - (-56)/(-6). Let i(h) = -8*h - 19. Is i(l) a composite number?
False
Let y(p) be the third derivative of -p**6/120 - 2*p**5/15 + 7*p**3/6 - p**2. Let o be y(-9). Suppose -3*g = 25 - o. Is g a prime number?
False
Let f(k) = -6*k**3 + 2*k**2 - 1. Let q be f(1). Is (-1057)/q - 6/15 a composite number?
False
Let s be (16/12)/(10/15). Suppose -3*r + 12 = 0, t = s*r - 5 + 2. Suppose 3*v - m = -t*m + 6849, 3*m + 11444 = 5*v. Is v composite?
False
Let j(n) = -n**3 + 7*n**2 - 6*n. Let q be j(6). Suppose 3*z - 791 - 247 = q. Is z composite?
True
Suppose -5*v + 56 = 3*v. Is (7 - 201)*(v/(-2) + 0) a prime number?
False
Let d(r) = -r**3 + 17*r**2 + 24*r + 17. Let t be d(18). Let x be 5/(-5*(-5)/t). Is 4/(-10) - (-2785)/x a prime number?
False
Let m be (0 - -2 - 3) + 13. Let l = -18 + 28. Suppose l*q = m*q - 318. Is q composite?
True
Suppose -4*t - 3012 = -12008. Let w = t + -1080. Is w a prime number?
False
Suppose 4*w = -q - 3*q + 960, 215 = q - 4*w. Let o = -120 + q. Is o a composite number?
True
Let t = 8760 - 2797. Is t prime?
False
Let i = 1324 - 1022. Is i a prime number?
False
Let b be 3 - (-4 - 11*-349). Is ((-11)/44)/(2/b) a composite number?
False
Let p be 1346 + 5/((-20)/(-16)). Let g be (4/(-6))/(6/p). Is (-19670)/g + 4/(-30) a composite number?
False
Let w(h) = -2534*h - 31. Is w(-7) a composite number?
False
Suppose -261 - 243 = 14*x. Let i = x + 1183. Is i composite?
True
Suppose 0 = -4*i - 8, -4*o + 2*i + 49435 = -o. Is o a composite number?
False
Let i(o) = 2*o**2 + 12*o - 11. Let l(x) = -x**3 - 6*x**2 - 6*x - 2. Let s be l(-5). Suppose -g + s*g = -18. Is i(g) prime?
True
Let p(y) be the first derivative of y**3 - 3*y**2/2 + 41*y + 32. Is p(6) prime?
True
Let p(f) = -f**3 - 5*f**2 + 6*f + 7. Let u be p(-6). Suppose 5*t + 2582 = u*t. Is t composite?
False
Let w be 4/10 - (-52)/20. Suppose w*r + 1280 = 5*y, -y + 1255 = 4*y + 2*r. Is y a composite number?
True
Let b = 26 + -26. Suppose -w + 553 = -b*w. Is w a composite number?
True
Suppose -8*w + 5*w = -9. Suppose -363 = w*k - 3*h - 4368, -5*h + 2684 = 2*k. Is k composite?
True
Let x = 56407 + -30410. Is x a prime number?
True
Let y(k) = 64*k**2 - 3*k + 1. Suppose -q = 4*u - 2, -5*q + 15 = -u + 5. Is y(q) composite?
False
Suppose 4*y - 4 = -0*m + 4*m, -2*m - 4*y - 8 = 0. Let p(h) = 156*h + 1. Let k be p(m). Let j = k - -512. Is j a composite number?
True
Suppose -2*x + 8074 = 4*z, 3*z - 3*x - 6060 = -0*x. Is z a prime number?
False
Suppose -3*r + k + k = -74591, k = -3*r + 74579. Is r a composite number?
True
Let z = -10 + 12. Suppose 4 + 2 = z*m. Suppose -m*p + 9 = 0, u + 2*p - 19 = 280. Is u prime?
True
Let b = 1660 - 3287. Let q = b + 2694. Is q composite?
True
Let i(n) = -59*n + 119*n - 2*n**2 + 4*n**2 - 56*n + 5. Is i(-30) prime?
False
Let u = -67 - -74. Let c(n) = n**3 - 2*n**2 + 3*n - 15. Is c(u) a composite number?
False
Let n be (-6 + 4)/((-4)/326). Suppose -2*d = 3*o + o - 350, 2*o - n = -5*d. Is o composite?
False
Let p(j) = -245*j - 9. Let k be p(-8). Let h = k + -1166. Suppose -5*w + 0*w = -h. Is w a composite number?
False
Let t = 70 - 173. Let b = -44 - t. Is b a prime number?
True
Let w be (-6)/18 - (-34)/(-6). Let o be w/(-14) - 24888/(-42). Let d = o - 336. Is d prime?
True
Let p = 7864 - 5087. Is p prime?
True
Let x = 22 + -10. Let z be x/9 - (-2)/3. Suppose -6*f + 2588 = -z*f. Is f prime?
True
Let a(k) = k**2 - 4*k - 12. Let v be a(6). Let c be ((-282)/(-5))/((-33)/(-110)). Suppose v*z = -2*z + c. Is z c